24 and 8?
8
Calculate the greatest common factor of 447 and 3.
3
What is the highest common factor of 104 and 962?
26
What is the highest common divisor of 44 and 25014?
22
Calculate the greatest common divisor of 576 and 441.
9
What is the greatest common divisor of 16511 and 627?
209
Calculate the highest common factor of 29 and 2552.
29
What is the highest common factor of 7980 and 240?
60
What is the highest common divisor of 10625 and 255?
85
What is the highest common factor of 1672 and 264?
88
Calculate the greatest common divisor of 20 and 1660.
20
Calculate the highest common divisor of 55 and 22.
11
What is the highest common factor of 78 and 338?
26
What is the greatest common divisor of 143 and 572?
143
What is the greatest common factor of 280 and 35?
35
Calculate the greatest common divisor of 28884 and 36.
12
What is the highest common factor of 72 and 22392?
72
Calculate the greatest common factor of 48 and 1168.
16
Calculate the greatest common factor of 2 and 37.
1
What is the greatest common factor of 146 and 16060?
146
What is the greatest common factor of 92 and 7636?
92
What is the highest common factor of 5470 and 10?
10
What is the highest common factor of 28 and 700?
28
Calculate the greatest common factor of 384 and 13.
1
What is the highest common factor of 4484 and 76?
76
What is the greatest common factor of 12656 and 84?
28
What is the greatest common divisor of 315 and 360?
45
What is the highest common divisor of 25 and 26525?
25
What is the highest common divisor of 42 and 196?
14
What is the greatest common factor of 20 and 20?
20
What is the greatest common factor of 33963 and 3?
3
Calculate the highest common factor of 19327 and 44.
11
Calculate the highest common factor of 208 and 780.
52
Calculate the highest common divisor of 2520 and 144.
72
Calculate the greatest common divisor of 4080 and 600.
120
What is the greatest common divisor of 11 and 2101?
11
What is the greatest common divisor of 80 and 760?
40
What is the greatest common factor of 14 and 49?
7
Calculate the greatest common factor of 192 and 704.
64
Calculate the greatest common factor of 25351 and 202.
101
What is the greatest common factor of 2140 and 80?
20
What is the greatest common factor of 7 and 2723?
7
Calculate the highest common divisor of 86 and 2021.
43
What is the highest common factor of 1235 and 285?
95
Calculate the highest common factor of 20 and 2620.
20
What is the greatest common divisor of 210 and 910?
70
What is the greatest common divisor of 98 and 13573?
49
What is the greatest common divisor of 3 and 257?
1
Calculate the greatest common divisor of 1285 and 10.
5
What is the highest common factor of 323 and 459?
17
Calculate the greatest common divisor of 649 and 118.
59
Calculate the highest common factor of 92 and 6394.
46
Calculate the greatest common divisor of 276 and 12.
12
Calculate the greatest common factor of 30870 and 35.
35
What is the greatest common divisor of 539 and 112?
7
Calculate the highest common divisor of 290 and 1711.
29
What is the greatest common divisor of 12 and 20004?
12
Calculate the highest common factor of 108 and 39132.
36
What is the greatest common divisor of 17 and 16711?
17
Calculate the highest common factor of 5336 and 812.
116
What is the highest common factor of 43 and 559?
43
Calculate the highest common divisor of 11 and 407.
11
Calculate the highest common divisor of 37 and 592.
37
Calculate the greatest common factor of 69 and 69.
69
Calculate the greatest common factor of 270 and 6534.
54
Calculate the greatest common divisor of 4 and 11456.
4
Calculate the greatest common factor of 12 and 18852.
12
What is the greatest common factor of 363 and 2277?
33
What is the highest common divisor of 105 and 14745?
15
What is the highest common divisor of 1403 and 183?
61
What is the greatest common factor of 152 and 437?
19
What is the greatest common divisor of 77 and 1760?
11
What is the greatest common divisor of 114 and 19?
19
Calculate the greatest common divisor of 96 and 56.
8
What is the greatest common divisor of 30 and 375?
15
Calculate the greatest common divisor of 35 and 35.
35
What is the highest common factor of 350 and 28?
14
What is the highest common factor of 76 and 2356?
76
What is the greatest common divisor of 533 and 41?
41
What is the highest common factor of 2263 and 1333?
31
What is the greatest common divisor of 3888 and 48?
48
What is the greatest common divisor of 434 and 14?
14
What is the greatest common divisor of 1881 and 57?
57
What is the greatest common factor of 180 and 980?
20
What is the greatest common factor of 9 and 3606?
3
What is the greatest common factor of 4305 and 210?
105
What is the greatest common factor of 782 and 34?
34
What is the greatest common factor of 1963 and 453?
151
Calculate the highest common divisor of 36 and 36.
36
Calculate the greatest common divisor of 270 and 390.
30
What is the greatest common divisor of 73 and 19?
1
What is the highest common divisor of 486 and 9?
9
What is the greatest common divisor of 54 and 342?
18
What is the greatest common divisor of 18 and 4?
2
What is the greatest common divisor of 20855 and 645?
215
Calculate the highest common divisor of 345 and 15.
15
Calculate the highest common divisor of 11 and 25.
1
What is the greatest common divisor of 66 and 2992?
22
What is the greatest common factor of 90 and 240?
30
Calculate the highest common factor of 68950 and 25.
25
What is the greatest common divisor of 15 and 435?
15
Calculate the highest common divisor of 20 and 5.
5
What is the highest common factor of 3406 and 104?
26
What is the greatest common divisor of 38 and 12?
2
Calculate the greatest common divisor of 32981 and 26.
13
Calculate the highest common factor of 226 and 19323.
113
Calculate the greatest common factor of 435 and 87.
87
Calculate the greatest common factor of 69 and 483.
69
Calculate the greatest common factor of 1498 and 1070.
214
What is the highest common factor of 81 and 2?
1
Calculate the greatest common divisor of 2 and 98.
2
Calculate the highest common divisor of 161 and 20125.
161
Calculate the highest common factor of 52 and 117.
13
What is the highest common factor of 522 and 58?
58
What is the greatest common divisor of 2475 and 1595?
55
Calculate the greatest common factor of 160 and 984.
8
What is the greatest common factor of 2945 and 5?
5
Calculate the highest common factor of 22 and 40106.
22
Calculate the highest common factor of 7575 and 101.
101
What is the greatest common divisor of 350 and 75?
25
Calculate the highest common divisor of 35 and 945.
35
What is the greatest common divisor of 204 and 748?
68
What is the highest common divisor of 63 and 91?
7
Calculate the greatest common divisor of 253 and 92.
23
Calculate the greatest common factor of 17759 and 14.
7
What is the highest common divisor of 343 and 14?
7
What is the greatest common divisor of 244 and 549?
61
What is the greatest common factor of 8364 and 204?
204
What is the highest common factor of 50 and 2190?
10
What is the highest common divisor of 1615 and 34?
17
Calculate the greatest common factor of 2192 and 48.
16
Calculate the greatest common factor of 1062 and 252.
18
What is the highest common factor of 27 and 2016?
9
Calculate the greatest common factor of 42 and 546.
42
What is the highest common factor of 4210 and 20?
10
What is the greatest common divisor of 125 and 100?
25
Calculate the highest common divisor of 108 and 100.
4
What is the highest common divisor of 66 and 330?
66
Calculate the highest common factor of 2270 and 10.
10
Calculate the greatest common factor of 215 and 43.
43
Calculate the highest common divisor of 1832 and 12.
4
What is the greatest common factor of 216 and 168?
24
What is the highest common divisor of 44 and 76?
4
What is the greatest common divisor of 22 and 3806?
22
Calculate the greatest common divisor of 63959 and 7.
7
What is the highest common factor of 1056 and 18?
6
Calculate the highest common factor of 75 and 855.
15
What is the highest common divisor of 1131 and 156?
39
Calculate the greatest common divisor of 1 and 554.
1
Calculate the highest common factor of 784 and 16.
16
What is the highest common factor of 27451 